{"id":76,"date":"2020-06-27T13:20:11","date_gmt":"2020-06-27T13:20:11","guid":{"rendered":"https:\/\/muestra.cinemapoetico.net\/2019\/?page_id=76"},"modified":"2020-06-27T15:42:12","modified_gmt":"2020-06-27T15:42:12","slug":"curaduria","status":"publish","type":"page","link":"https:\/\/muestra.cinemapoetico.net\/2019\/curaduria\/","title":{"rendered":"Curadur\u00eda"},"content":{"rendered":"\n<p><strong>CONCEPCI\u00d3N CURATORIAL<\/strong><br> Escucha y mapeo de las mutaciones que  derivan de las condiciones  impuestas por la pandemia del nuevo Corona Virus y sus efectos en nuestras sensibilidades: noci\u00f3n de tiempo dilatado, espacio \u00edntimo, ciudad y sus vazios, fronteras entre lo p\u00fablico y lo privado, afectos y subjetividades, mem\u00f3rias, sil\u00eancios, incertidumbre, fronteras, resistencia, distanciamiento social, micronarrativas de lo com\u00fan. <br> Al transitar por 47 creaciones articuladas por  <strong>urbe, travesias, personas y cotidiano<\/strong>, somos desplazados para lugares diversos entre capas de sonoridades espacio temporales. <br> La Muestra Internacional Sonora #HD19 nos ofrece una cartografia geopo\u00e9tica del ahora, un museo ef\u00edmero desde una antropologia de los sentidos y nos permite vislumbrar configuraciones y\/o desvios del \u201cnuevo normal\u201d.<\/p>\n\n\n\n<p>Curadores:<\/p>\n\n\n\n<p>Profa. Dra. Lilian Amaral                                                                                                                      DIVESITAS USP<br>HOLOS &#8211;  MEDIA LAB BR UFG<\/p>\n\n\n\n<p>Prof. Dr. Cleomar Rocha                                                                                                                            MEDIA LAB BR UFG<\/p>\n\n\n\n<p><\/p>\n","protected":false},"excerpt":{"rendered":"<p>CONCEPCI\u00d3N CURATORIAL Escucha y mapeo de las mutaciones que derivan de las condiciones impuestas por la pandemia del nuevo Corona Virus y sus efectos en nuestras sensibilidades: noci\u00f3n de tiempo dilatado, espacio \u00edntimo, ciudad y sus vazios, fronteras entre lo p\u00fablico y lo privado, afectos y subjetividades, mem\u00f3rias, sil\u00eancios, incertidumbre, fronteras, resistencia, distanciamiento social, micronarrativas &hellip; <\/p>\n<p class=\"link-more\"><a href=\"https:\/\/muestra.cinemapoetico.net\/2019\/curaduria\/\" class=\"more-link\">Continuar leyendo<span class=\"screen-reader-text\"> \u00abCuradur\u00eda\u00bb<\/span><\/a><\/p>\n","protected":false},"author":1,"featured_media":0,"parent":0,"menu_order":0,"comment_status":"closed","ping_status":"closed","template":"","meta":{"footnotes":""},"class_list":["post-76","page","type-page","status-publish","hentry"],"_links":{"self":[{"href":"https:\/\/muestra.cinemapoetico.net\/2019\/wp-json\/wp\/v2\/pages\/76","targetHints":{"allow":["GET"]}}],"collection":[{"href":"https:\/\/muestra.cinemapoetico.net\/2019\/wp-json\/wp\/v2\/pages"}],"about":[{"href":"https:\/\/muestra.cinemapoetico.net\/2019\/wp-json\/wp\/v2\/types\/page"}],"author":[{"embeddable":true,"href":"https:\/\/muestra.cinemapoetico.net\/2019\/wp-json\/wp\/v2\/users\/1"}],"replies":[{"embeddable":true,"href":"https:\/\/muestra.cinemapoetico.net\/2019\/wp-json\/wp\/v2\/comments?post=76"}],"version-history":[{"count":2,"href":"https:\/\/muestra.cinemapoetico.net\/2019\/wp-json\/wp\/v2\/pages\/76\/revisions"}],"predecessor-version":[{"id":144,"href":"https:\/\/muestra.cinemapoetico.net\/2019\/wp-json\/wp\/v2\/pages\/76\/revisions\/144"}],"wp:attachment":[{"href":"https:\/\/muestra.cinemapoetico.net\/2019\/wp-json\/wp\/v2\/media?parent=76"}],"curies":[{"name":"wp","href":"https:\/\/api.w.org\/{rel}","templated":true}]}}

Curaduría

<p><strong>CONCEPCIÓN CURATORIAL</strong><br> Escucha y mapeo de las mutaciones que  derivan de las condiciones  impuestas por la pandemia del nuevo Corona Virus y sus efectos en nuestras sensibilidades: noción de tiempo dilatado, espacio íntimo, ciudad y sus vazios, fronteras entre lo público y lo privado, afectos y subjetividades, memórias, silêncios, incertidumbre, fronteras, resistencia, distanciamiento social, micronarrativas de lo común. <br> Al transitar por 47 creaciones articuladas por  <strong>urbe, travesias, personas y cotidiano</strong>, somos desplazados para lugares diversos entre capas de sonoridades espacio temporales. <br> La Muestra Internacional Sonora #HD19 nos ofrece una cartografia geopoética del ahora, un museo efímero desde una antropologia de los sentidos y nos permite vislumbrar configuraciones y/o desvios del “nuevo normal”.</p>



<p>Curadores:</p>



<p>Profa. Dra. Lilian Amaral                                                                                                                      DIVESITAS USP<br>HOLOS &#8211;  MEDIA LAB BR UFG</p>



<p>Prof. Dr. Cleomar Rocha                                                                                                                            MEDIA LAB BR UFG</p>



<p></p>

<p>CONCEPCIÓN CURATORIAL Escucha y mapeo de las mutaciones que derivan de las condiciones impuestas por la pandemia del nuevo Corona Virus y sus efectos en nuestras sensibilidades: noción de tiempo dilatado, espacio íntimo, ciudad y sus vazios, fronteras entre lo público y lo privado, afectos y subjetividades, memórias, silêncios, incertidumbre, fronteras, resistencia, distanciamiento social, micronarrativas &hellip; </p>
<p class="link-more"><a href="https://muestra.cinemapoetico.net/2019/curaduria/" class="more-link">Continuar leyendo<span class="screen-reader-text"> «Curaduría»</span></a></p>
